tors of 1626.
2, 3, 271
What are the prime factors of 746?
2, 373
List the prime factors of 75764.
2, 13, 31, 47
List the prime factors of 8294.
2, 11, 13, 29
What are the prime factors of 1188?
2, 3, 11
List the prime factors of 1606.
2, 11, 73
List the prime factors of 1241.
17, 73
What are the prime factors of 5521?
5521
What are the prime factors of 44209?
11, 4019
What are the prime factors of 8454?
2, 3, 1409
What are the prime factors of 28152?
2, 3, 17, 23
What are the prime factors of 2340?
2, 3, 5, 13
What are the prime factors of 15949?
41, 389
What are the prime factors of 801?
3, 89
What are the prime factors of 969?
3, 17, 19
List the prime factors of 33390.
2, 3, 5, 7, 53
List the prime factors of 35954.
2, 17977
List the prime factors of 2050.
2, 5, 41
What are the prime factors of 17788?
2, 4447
What are the prime factors of 917?
7, 131
List the prime factors of 11213.
11213
What are the prime factors of 78?
2, 3, 13
List the prime factors of 3251.
3251
What are the prime factors of 17?
17
What are the prime factors of 263?
263
What are the prime factors of 372?
2, 3, 31
What are the prime factors of 85700?
2, 5, 857
What are the prime factors of 176?
2, 11
List the prime factors of 11651.
61, 191
List the prime factors of 5158.
2, 2579
List the prime factors of 2997.
3, 37
What are the prime factors of 1823?
1823
What are the prime factors of 7637?
7, 1091
What are the prime factors of 9869?
71, 139
List the prime factors of 3592.
2, 449
What are the prime factors of 2123?
11, 193
What are the prime factors of 1277?
1277
What are the prime factors of 115699?
37, 53, 59
List the prime factors of 12048.
2, 3, 251
List the prime factors of 17270.
2, 5, 11, 157
List the prime factors of 1664.
2, 13
List the prime factors of 106960.
2, 5, 7, 191
What are the prime factors of 55613?
19, 2927
What are the prime factors of 26968?
2, 3371
What are the prime factors of 5126?
2, 11, 233
List the prime factors of 5762.
2, 43, 67
List the prime factors of 34166.
2, 11, 1553
What are the prime factors of 325?
5, 13
What are the prime factors of 9633?
3, 13, 19
List the prime factors of 2248.
2, 281
What are the prime factors of 1878?
2, 3, 313
What are the prime factors of 110631?
3, 36877
What are the prime factors of 22699?
22699
What are the prime factors of 2926?
2, 7, 11, 19
What are the prime factors of 11538?
2, 3, 641
List the prime factors of 7292.
2, 1823
List the prime factors of 206708.
2, 31, 1667
What are the prime factors of 55985?
5, 11197
What are the prime factors of 1345?
5, 269
List the prime factors of 1536.
2, 3
List the prime factors of 42481.
23, 1847
List the prime factors of 109.
109
List the prime factors of 15114.
2, 3, 11, 229
List the prime factors of 713.
23, 31
List the prime factors of 86005.
5, 103, 167
What are the prime factors of 1100?
2, 5, 11
What are the prime factors of 3948?
2, 3, 7, 47
List the prime factors of 3845.
5, 769
What are the prime factors of 461?
461
List the prime factors of 109174.
2, 13, 17, 19
What are the prime factors of 88561?
11, 83, 97
What are the prime factors of 12588?
2, 3, 1049
List the prime factors of 8734.
2, 11, 397
List the prime factors of 115.
5, 23
What are the prime factors of 802?
2, 401
What are the prime factors of 5822?
2, 41, 71
What are the prime factors of 707?
7, 101
List the prime factors of 2473.
2473
List the prime factors of 102.
2, 3, 17
What are the prime factors of 2842?
2, 7, 29
List the prime factors of 140.
2, 5, 7
What are the prime factors of 7842?
2, 3, 1307
What are the prime factors of 43074?
2, 3, 2393
List the prime factors of 3153.
3, 1051
List the prime factors of 737.
11, 67
List the prime factors of 141985.
5, 73, 389
List the prime factors of 2437.
2437
What are the prime factors of 42?
2, 3, 7
List the prime factors of 127.
127
List the prime factors of 1077.
3, 359
List the prime factors of 32988.
2, 3, 2749
What are the prime factors of 1615?
5, 17, 19
What are the prime factors of 14775?
3, 5, 197
What are the prime factors of 1109?
1109
What are the prime factors of 25175?
5, 19, 53
What are the prime factors of 46001?
157, 293
What are the prime factors of 3571?
3571
What are the prime factors of 6061?
11, 19, 29
List the prime factors of 11277.
3, 7, 179
List the prime factors of 19357.
13, 1489
What are the prime factors of 1144?
2, 11, 13
List the prime factors of 154917.
3, 7, 2459
What are the prime factors of 7476?
2, 3, 7, 89
List the prime factors of 40289.
40289
List the prime factors of 237.
3, 79
What are the prime factors of 1734?
2, 3, 17
List the prime factors of 2174.
2, 1087
What are the prime factors of 298?
2, 149
List the prime factors of 51682.
2, 25841
What are the prime factors of 810?
2, 3, 5
What are the prime factors of 2493?
3, 277
List the prime factors of 1052.
2, 263
What are the prime factors of 3093?
3, 1031
What are the prime factors of 50864?
2, 11, 17
What are the prime factors of 402?
2, 3, 67
What are the prime factors of 2934?
2, 3, 163
List the prime factors of 930.
2, 3, 5, 31
List the prime factors of 7627.
29, 263
List the prime factors of 750.
2, 3, 5
List the prime factors of 1105.
5, 13, 17
What are the prime factors of 55124?
2, 13781
What are the prime factors of 11425?
5, 457
List the prime factors of 1632.
2, 3, 17
What are the prime factors of 85304?
2, 10663
List the prime factors of 895.
5, 179
List the prime factors of 8297.
8297
What are the prime factors of 1065?
3, 5, 71
What are the prime factors of 94328?
2, 13, 907
List the prime factors of 3024.
2, 3, 7
What are the prime factors of 12466?
2, 23, 271
What are the prime factors of 2870?
2, 5, 7, 41
List the prime factors of 112220.
2, 5, 31, 181
List the prime factors of 34956.
2, 3, 971
What are the prime factors of 9170?
2, 5, 7, 131
List the prime factors of 75676.
2, 18919
List the prime factors of 29195.
5, 5839
List the prime factors of 74560.
2, 5, 233
List the prime factors of 93646.
2, 7, 6689
What are the prime factors of 274?
2, 137
What are the prime factors of 37145?
5, 17, 19, 23
What are the prime factors of 94435?
5, 11, 17, 101
What are the prime factors of 797?
797
What are the prime factors of 42410?
2, 5, 4241
List the prime factors of 16481.
16481
List the prime factors of 8122.
2, 31, 131
List the prime factors of 27658.
2, 13829
What are the prime factors of 54653?
31, 41, 43
What are the prime factors of 39986?
2, 19993
What are the prime factors of 38199?
3, 7, 17, 107
List the prime factors of 6028.
2, 11, 137
What are the prime factors of 15152?
2, 947
What are the prime factors of 44080?
2, 5, 19, 29
What are the prime factors of 8341?
19, 439
What are the prime factors of 9417?
3, 43, 73
List the prime factors of 1354.
2, 677
What are the prime factors of 6699?
3, 7, 11, 29
What are the prime factors of 2118?
2, 3, 353
List the prime factors of 4280.
2, 5, 107
What are the prime factors of 9122?
2, 4561
List the prime factors of 13579.
37, 367
List the prime factors of 1816.
2, 227
What are the prime factors of 4427?
19, 233
List the prime factors of 12494.
2, 6247
What are the prime factors of 238?
2, 7, 17
What are the prime factors of 163379?
199, 821
List the prime factors of 1235.
5, 13, 19
What are the prime factors of 37645?
5, 7529
List the prime factors of 11998.
2, 7, 857
What are the prime factors of 30?
2, 3, 5
List the prime factors of 5.
5
List the prime factors of 985.
5, 197
What are the prime factors of 99?
3, 11
What are the prime factors of 866?
2, 433
List the prime factors of 129280.
2, 5, 101
What are the prime factors of 3664?
2, 229
What are the prime factors of 39240?
2, 3, 5, 109
What are the prime factors of 139763?
13, 827
List the prime factors of 2857.
2857
What are the prime factors of 1318?
2, 659
What are the prime factors of 40340?
2, 5, 2017
What are the prime factors of 773?
773
What are the prime factors of 88187?
11, 8017
What are the prime factors of 1207?
17, 71
List the prime factors of 265.
5, 53
What are the prime factors of 53889?
3, 11, 23, 71
List the prime factors of 173.
173
What are the prime factors of 78074?
2, 103, 379
What are the prime factors of 103983?
3, 11, 23, 137
What are the prime factors of 421?
421
List the prime factors of 1